 + v**3/6 - v**2 - 3*v + 132. Give k(2).
-56
Let y(l) = 10*l + 45. Let a = 1216 + -1220. What is y(a)?
5
Suppose 3*k = 5*s - 0 - 9, -4*k = s - 11. Let n(z) = k*z**3 - 4*z**3 - 6 + 5. Give n(-2).
15
Let r(i) be the first derivative of i**4/4 + i**3 - i**2 - 5*i - 284. Determine r(-3).
1
Let w(o) be the second derivative of -o**4/12 - o**3/2 - o**2 - 144*o. Let r be 14*1*2/4. Suppose -5 - r = 4*p. Calculate w(p).
-2
Suppose 54*f - 121 + 661 = 0. Let a(u) = -u**2 - 18*u - 9. Give a(f).
71
Let a be ((-4)/(-6))/((-4)/(-6)). Let v(b) = a + 6*b + 11*b - 24*b. Calculate v(1).
-6
Let k(y) = -y**2 + 16*y + 44. Let b(c) = -c**2 + 15*c + 44. Let l(f) = -4*b(f) + 3*k(f). Let n(a) be the first derivative of l(a). What is n(8)?
4
Let j(h) = 11*h + 3. Suppose 3*u = q - 2, -q - 6*u + 5*u = 6. Calculate j(q).
-41
Let o(a) = a**2 + 8*a + 7. Let r be o(-7). Suppose r = 2*d + 2*w - 8, -d - 2*w + 6 = 0. Let b(y) = -11*y**2 - 2*y**2 + 1 + 2*y**d + y. What is b(-1)?
-11
Let f(n) = 11*n + 1. Let m(x) = 55*x + 6. Let u(o) = 11*f(o) - 2*m(o). Let h = -5927 - -5925. Calculate u(h).
-23
Let h(t) = 8*t - 7. Suppose 5*a = 2*s - 8 + 25, -3*a + 7 = -2*s. What is h(a)?
33
Let u(x) = -495 + 239 + 3*x + 236. Determine u(5).
-5
Suppose -f + 0*f + 3*g - 17 = 0, -4*f - 3 = g. Suppose -3*l - 2*l = -5*d - 30, d - 22 = -3*l. Let i(w) = -l*w + 2*w + w - 2 + 1. Determine i(f).
7
Suppose -332 + 74 = -6*k. Let z = k + -41. Let i(u) = 6*u**2 - 2*u - 2. Determine i(z).
18
Let l(d) be the first derivative of -7*d**2/2 + 2*d - 30. Determine l(2).
-12
Suppose t - 8*t = 301. Let w = t + 38. Let k(r) = -r**2 - 6. Give k(w).
-31
Suppose 0*m = -4*m + 3*d + 39, 0 = 2*m + 2*d - 16. Let w(l) = -l + 3. Calculate w(m).
-6
Let x(a) = 2*a - 5. Suppose 0 = 2*s + z - 11, 0 = -21*s + 25*s - z - 13. Give x(s).
3
Let z(j) = -j**2 - j. Suppose 20*q - 21*q = -3. Give z(q).
-12
Let b(f) = -45*f**3 - 13*f**2 + 6*f + 19. Let j(t) = -13*t**3 - 4*t**2 + 2*t + 6. Let k(n) = 2*b(n) - 7*j(n). Determine k(3).
35
Let a(b) be the second derivative of -b**5/20 - b**4/6 + 5*b**3/6 + b**2 - 103*b. Give a(-3).
-4
Let o(u) = -u**2 - 2*u + 3. Let v be 2/(-4) + 1*(-42)/12. What is o(v)?
-5
Let s(p) = 45 - 6*p**2 - 4*p - 18 - 21 - 14. Let u(q) = -7*q**2 - 3*q - 8. Let a(i) = -6*s(i) + 5*u(i). Give a(-8).
0
Let i(r) = -r + 2. Let y be i(6). Let c = 10 + -7. Let z(s) = s**2 - c*s + 3 + 2*s + 6*s. Determine z(y).
-1
Let l(x) = 170*x**2 - 171*x**2 + 0*x**3 - x**3. Let i be 6/27 - (-4)/(-18). Give l(i).
0
Let d(i) = -i**2 - 4*i**2 + 3 - 3*i + 0*i**2 + 6*i**2. Give d(3).
3
Let o(d) = -d**3 + 3*d**2 + 2*d + 1. Suppose -4*x + 5*r = -36, -8 - 10 = -2*x - 3*r. Suppose 5 = f - x. Let q = f + -11. What is o(q)?
7
Suppose 6 = -2*z, 4*z = -12*g + 17*g - 42. Let k(j) = j**2 - 7*j - 1. What is k(g)?
-7
Let t(p) be the first derivative of -1/2*p**4 - 5*p - 2/3*p**3 - 5 - 1/20*p**5 + 3/2*p**2. Let c(i) be the first derivative of t(i). Determine c(-5).
-2
Let t(d) = d - 2. Suppose -3*p = 4*x - 14, 3*x - 5*p + 2 = -p. Suppose 23 = x*o + 7. Give t(o).
6
Let q = 164 + -166. Let k(y) = 13*y + 1. What is k(q)?
-25
Let c(i) = -i**2 - 4*i - 5. Suppose 129 - 117 = -3*v. Give c(v).
-5
Let j(r) = -5*r**2 - r - 1. Let x(d) = -152 + 103 + 0*d - 3*d. Let f be x(-16). Calculate j(f).
-5
Let j(q) = -q**2 + 24*q + 21. Let m be -1 + (-30)/(-10) + 23. Determine j(m).
-4
Let p(w) = 2*w - 4. Let d(k) = k**2 + 5*k + 10. Let v be d(-9). Let n = 43 - v. Calculate p(n).
-10
Let o = 370 + -378. Let c(u) = -u**2 - 5*u. Determine c(o).
-24
Let u(v) be the third derivative of -v**5/60 - v**4/8 + 11*v**3/3 - 9*v**2. Let b be u(-7). Let r(i) = -i**3 - 6*i**2 - i + 4. Calculate r(b).
10
Let p be (-16 - -15)*(-5)/1. Let h(j) = 23*j**3 + j - 7. Let r(n) = 12*n**3 + n - 4. Let t(w) = p*r(w) - 3*h(w). Suppose 3*b - 7*b = 4. Give t(b).
8
Suppose 469 = 10*x + 529. Let v(q) = -q**3 - 5*q**2 + 5*q - 2. Calculate v(x).
4
Let y(q) be the third derivative of q**6/120 - q**5/12 - q**4/8 - 2*q**3/3 + 151*q**2. Determine y(6).
14
Let u(c) be the first derivative of -c**3/3 - 11*c**2/2 - 6*c - 48. What is u(-10)?
4
Let w(m) = 0*m - 11 - 11 + m + 13. Let a be w(11). Let y(s) = -9*s**2 - a*s - 16*s**2 + 1 + 24*s**2. Give y(3).
-14
Let b(m) = -2*m**3 - 2*m + 1. Suppose -n = -5 - 11. Let q = 17 - n. Let x be 3/q*(-12)/(-36). Calculate b(x).
-3
Let v(u) be the second derivative of -u**3/2 - 3*u**2/2 - 8*u. Let p be 6 - ((-2 - -4) + 6). Calculate v(p).
3
Let m(x) = -x**2 + 17*x - 12*x - 7*x + 3. Let g be (-4)/(-6) - 98/(-42). Calculate m(g).
-12
Suppose 2*p - u = -17, -p - 17 = -2*u - 1. Let n be 1/(-3) - (2/p - -1). Let x(q) = 16*q + 7. Let f(i) = 24*i + 11. Let v(c) = -5*f(c) + 8*x(c). Give v(n).
-7
Let c(t) = t**3 - 6*t**2 - t + 3. Let l = 108 - 106. Suppose 5*k + s - 3*s = 21, -l*k + 5*s = 0. What is c(k)?
-27
Let a(j) = -7*j**2 - 3*j + 2. Let q(z) = 16*z**2 + 6*z - 3. Let y(l) = -7*a(l) - 3*q(l). Let n be (0 - -5) + 0 + 0. Let w be -3*n/(30/8). Give y(w).
-1
Suppose 5*g - 10 - 10 = 0. Let b(c) be the first derivative of c**2 + 3*c - 212. What is b(g)?
11
Let b(h) = -2*h**2 - 3*h - 1. Let w be (12/24)/(2/(-8)). Give b(w).
-3
Let q(s) = -2*s - 1. Let f be q(-1). Let m(x) = -7*x**3 + 11*x**2 + 3*x + 33. Let r(h) = -h**3 + 4*h**2 + h + 12. Let y(z) = 4*m(z) - 11*r(z). What is y(f)?
-16
Suppose f = 4, 2*f = -2*u + 7*u - 2. Let r(b) = -b**3 - 3*b + 3*b**u + 25 - 26 + 6*b. Calculate r(3).
8
Let h(p) = -17*p - 4. Let u(f) = -9*f - 2. Let b be 4/(-10) - (-280)/(-50). Let o(z) = b*h(z) + 11*u(z). Give o(-3).
-7
Let y(k) = 2*k**2 + k - 2. Let f(n) = 7*n**2 + 7*n - 6. Let t(l) = f(l) - 5*y(l). What is t(-2)?
-12
Suppose 0*q - 32 = -4*q. Let l(p) = 2*p**2 + 10 + q*p + 3*p**2 - 4*p**2. Suppose -6 + 48 = -6*m. Determine l(m).
3
Let u(y) = 2*y**3 - 3*y**2 - y. Let k = -926 - -924. What is u(k)?
-26
Let z(r) = -336*r**2 + 8 + 172*r**2 - 7*r + 165*r**2. Calculate z(5).
-2
Let j be 6*3/9 - -6. Suppose -5*p = k - j, -2*p = 5*k - p - 16. Let h(l) = -2*l. Calculate h(k).
-6
Let p(w) = 6*w - 2. Let z be -2*3/(-12)*2. Let i be p(z). Let t(c) be the second derivative of c**3/3 + c**2/2 - c. Calculate t(i).
9
Let d(t) = -t**3 - 10*t**2 - 7*t + 21. Suppose -75*i - 471 - 204 = 0. Give d(i).
3
Let p(b) = -3 - 9 - 9*b - b - b**2. Let z be (-60)/(-150) + (-42)/5. Calculate p(z).
4
Let v(f) = f**2 - 6*f + 5. Let z be ((-4)/(-2))/((-265)/25 + 11). Determine v(z).
0
Let g(u) = -u**2 + 3*u + 4. Let w be g(5). Let s be (-34)/w - (-1)/3. Let d(i) = 134 + 8*i - i - 51 + 5*i**2 - 47 - 43 - i**3. Calculate d(s).
-1
Let v(y) be the third derivative of y**6/360 - y**5/40 - y**4/24 - 3*y**3/2 + 15*y**2. Let z(w) be the first derivative of v(w). Determine z(5).
9
Suppose 2 = -5*u - 3. Let y(n) = 4*n**2 - 1. Let z be y(u). Let a(o) = o**2 - 2 - 2*o + 2*o**3 - 3*o**z - 2*o**2 + 4*o. Determine a(-3).
10
Suppose 5*m + 0 = -3*c - 7, -5*c - 19 = m. Suppose 4 = 3*y + m, -5*y = 3*b - 17. Suppose -7 = -b*w - 11. Let g(n) = -2*n**2 + n. Determine g(w).
-3
Let w(j) = 12*j + 6. Let c(r) = -14*r - 7. Let x(k) = -5*c(k) - 6*w(k). What is x(-5)?
9
Let q(n) = -9*n + 2. Let x = -297 - -299. Calculate q(x).
-16
Let p be -2 + 4 + -6 - -7. Let u(d) be the second derivative of 0 + d - 1/2*d**3 - 1/6*d**4 + 1/2*d**2 + 1/20*d**5. Determine u(p).
1
Let w(c) = 4*c**3 - 2*c**2 + 1. Let l be (-552)/115 + 1/(-5). Let n(t) = -9*t**3 + 5*t**2 - 3. Let m(y) = l*w(y) - 2*n(y). Calculate m(-1).
3
Let i(a) = -3*a + 7. Let k(z) = 3*z + 1. Let c(t) = 5*t + 1. Let f(w) = -5*c(w) + 8*k(w). Let q(r) = -5*f(r) + 2*i(r). Determine q(6).
-7
Let g(x) = 3*x**2 - 98*x + 79. Let i be g(32). Let l(t) = t**3 - 15*t**2 + 13. Give l(i).
13
Let y(p) = p**3 - 5*p**2 + p - 3. Let r be (-2)/7 - (-130)/14. Suppose 0 = 2*o - r + 1. Give y(o).
-15
Let w(r) be the first derivative of 2*r**2 + 4*r - 25. Suppose 0 = -5*s - 3*y + 17, 3*s - 2*s - 7 = 3*y. Let k be 18/(-4) + 2/s. Calculate w(k).
-12
Let n(a) = -3*a**2 - 38*a + 17. Let q be n(-13). Let t(i) = -i**2 + i - 3. Determine t(q).
-15
Let s(w) be the third derivative of -w**6/360 + w**5/120 - w**4/6 + 2*w**3 - 5*w**2. Let v(d) be the first derivative of s(d). Determine v(0).
-4
Let r(k) be the first derivative of 3*k**2/2 + k - 64. What is r(-8)?
-23
Suppose 21 = 5*u - 119. Suppose -4*h = l + h - 16, u = 5*l - h. Let w(o) = -o**3 + 7*o*